3 + 55 = -4*v. Let w be 2/(-1) - (-88)/2. Is 13341/21 + b/w a prime number?
False
Suppose -j + 3*p = -10, 0 = 2*j - 3*p - 2*p - 19. Let z(h) = -463*h + 65*h - j*h + 20. Is z(-7) a prime number?
False
Let h = 8 - 12. Let v be -1 + (1 + h/(-4) - 5). Is (3 - 5 - v)/4*5690 a prime number?
False
Suppose 14 = 3*o - s, o = s + 3 + 3. Suppose 3*r = -5 - o. Is (-3 + r/(18/(-20)))*921 a prime number?
True
Suppose -236*p + 8546809 = -45315235. Is p prime?
False
Suppose -2*y - 23 = -5*v, 0 = -2*v + 3*y + 5 + 2. Suppose -v*u - 22466 = -2541. Is (u/(-20))/(5/20) a prime number?
True
Suppose 11*x = -97071 + 992284. Is x prime?
False
Suppose -56*l - 59*l = -138931955 + 3803850. Is l a composite number?
True
Suppose 2*i = -4*t + 547510, -1555*t + 1558*t = -5*i + 1368824. Is i a prime number?
False
Let u(j) = j - 5. Let d be u(11). Suppose d*z + 175 - 691 = 0. Let s = z + 1713. Is s a composite number?
True
Suppose 0 = 20*s - 17*s - 75. Suppose 4*h = -h + s. Suppose 0 = -h*w + 2*w + 3513. Is w a composite number?
False
Let m(b) = 15217*b**2 + 144*b + 573. Is m(-4) prime?
True
Let d(k) = -k**2 + 10*k + 59. Let i be d(14). Suppose 0 = p - 5*o - 666, 0*p + 2058 = 3*p - i*o. Is p a composite number?
False
Let v be (-3)/(-4)*-4*(-2)/3. Is v/8 - (-36099)/36 a composite number?
True
Let n = 69 - 66. Suppose 0 = 2*o + n*m - 3454, 2*o + 48 - 3510 = -5*m. Suppose -575 + o = 2*r. Is r prime?
False
Let g(o) = -o**3 + 6*o**2 - 5*o + 8. Let n be g(6). Let b(h) = 13*h**2 + 34*h - 73. Is b(n) composite?
False
Suppose 2*h + 136 = 36*h. Suppose 26743 = 2*o - 5*s, -h*o + 53525 = s + 2*s. Is o a composite number?
True
Suppose 2*p - 3*z = -z + 16784, -3*z + 16794 = 2*p. Suppose -20*k + 14*k + p = 0. Is k prime?
True
Let n = -7691 - -13906. Let q = n - 2080. Is q a prime number?
False
Suppose -4*b + 19809 = o, 0 = o - 52*b + 55*b - 19810. Is o composite?
False
Suppose 0 = 145*h + 379601 - 6280086. Is h a composite number?
False
Suppose 0 = 475*u + 18779909 - 56546154 - 20709580. Is u a composite number?
True
Suppose 2*i - 750 = -4*u, 2*i - 5*i - 4*u = -1131. Suppose 0 = -5*f + 6*f - i. Is -2*(-2 + 11/6)*f a composite number?
False
Let s = -487 + 893. Let l = 381 + s. Is l a prime number?
True
Suppose 58*n - 12 = 54*n. Let l(q) = -21*q**3 + 3*q**2 - 4*q + 3. Let a be l(n). Let d = 1280 + a. Is d composite?
True
Suppose 3*x - 1598179 = -3*b + 118610, 6 = -x. Is b prime?
True
Suppose -4470 = -102*b + 97*b. Let d = b + -367. Is d composite?
True
Suppose -m + 4*v = -68734, 4*v - 68625 = -5*m + 275165. Suppose 14*t - m = 7*t. Is (-1)/(1 - 2)*t/6 a prime number?
True
Let l(v) = 566*v + 221. Let y be l(-4). Let w = 10 - y. Is w prime?
True
Let s(c) = -5*c**2 - 112*c - 86. Let v be s(41). Let i = 3556 - v. Is i prime?
False
Suppose -k + 683 = -4*w, 4*k + w - 2732 = 6*w. Is -3 + 8/1*k composite?
True
Let m(n) = n - 25. Let x be m(-15). Let j = -74 - x. Let v = j - -55. Is v a prime number?
False
Let j(p) be the first derivative of -p**3/3 + 3*p**2/2 + 735*p - 19. Let b be j(0). Suppose 5*g - g = -f + b, 3*f - 4*g = 2237. Is f prime?
True
Suppose 2*o - 18 + 12 = 0. Suppose 4*w - w + 387 = -5*u, -o*w = u + 87. Let k = u - -298. Is k a composite number?
False
Let k(f) = 5485*f - 2751. Is k(53) prime?
False
Suppose -4*t + 48 = -4*d, -3*d = -4*t + 37 - 0. Is (-220317)/d + (-46)/(-253) composite?
False
Let h(x) = -2*x**3 - 15*x**2 + 138*x + 65. Let u(q) = -q**3 - 8*q**2 + 68*q + 32. Let m(w) = 6*h(w) - 13*u(w). Is m(-13) prime?
False
Let w be (-2 - 11/(-3))*3. Suppose -w*z + 2*n + 235 = 0, 5*z = -2*n + 352 - 97. Suppose 198 = 3*k + r + 35, -k + r = -z. Is k a prime number?
True
Suppose -237*g = 5*n - 239*g - 13153, -3*n = -2*g - 7895. Is n prime?
False
Let s be (-18)/(-15) + 0 + (-2)/10. Let h(z) = 83*z**2 + 2*z - 2. Let b be h(s). Let m = 210 - b. Is m composite?
False
Let t = 799 + -257. Let u = t - -135. Is u composite?
False
Let o(u) = -u**3 - 6*u**2 + 5*u - 8. Let y be o(-7). Suppose 0*m = -y*m + 56010. Suppose -47*q = -52*q + m. Is q composite?
False
Let d(w) = 17*w**2 + 8*w + 66. Suppose 10*s - 9*s + 5*f - 6 = 0, 2*s = 4*f - 30. Is d(s) composite?
True
Is ((-964120)/12)/(90/(-135)) prime?
False
Suppose 5*j + 11*j + 7*j - 6685111 = 0. Is j composite?
False
Let l = -1050 - -1794. Suppose 29812 + l = 5*z + 3*f, -3*f = 9. Is z composite?
False
Let o = 36 + -54. Let c = o - -21. Suppose -h + 1924 + 891 = 2*k, 0 = -4*h - c*k + 11270. Is h a prime number?
True
Let n be (6/8 - 68/48)*318. Let a = 855 - n. Is a composite?
True
Let x = 696 - 179. Let d = 4380 - x. Is d a prime number?
True
Let d = -45117 + 63708. Is d a composite number?
True
Suppose -3*l - 119 + 152 = 0. Suppose -45*v + 982430 = -l*v. Is v a composite number?
True
Let l(q) = 452*q**2 - 14*q - 37. Is l(-3) composite?
False
Suppose -12*o = -43*o - 1009732. Let v = o + 50901. Is v composite?
False
Let o be 25926 + (10/2 - (-16)/(-4)). Suppose -3*i - 51887 = -2*p - 0*p, p - o = -4*i. Is p a composite number?
False
Let g = 1397466 - 885145. Is g a composite number?
False
Suppose -12*d + 18*d = -822. Let v = d + 4240. Is v a composite number?
True
Let u be (3 - 2) + -2 - 2*-22. Is u/3 - (-8)/12 a composite number?
True
Suppose 6*z = 8*z + 2134. Let h = -175 - 395. Let c = h - z. Is c a composite number?
True
Suppose 10*x + 21855 = -7805. Let w = x - -6373. Is w composite?
False
Is ((-3641076)/(-90))/((-150)/125 - (-7)/5) prime?
False
Let q be (-6*(-10)/18)/(6/9). Suppose 4*c - 8507 = -63*y + 60*y, 5*c + q = 0. Is y a prime number?
True
Suppose -v - 2*v = -4*w + 21, -27 = -5*w + 4*v. Let h be (7 - 4)/3*0. Suppose h = p, 3*p = -w*f + 7*f - 4996. Is f composite?
False
Let n = 1802 - 969. Let r = n - 460. Is r a prime number?
True
Let y(q) = 259*q**3 + 3*q**2 + 3*q - 5. Let x be y(1). Suppose -4*m + 74 = -p, 3*p + 0*p = 2*m - 242. Let l = p + x. Is l composite?
True
Suppose -10419*d + 1083818 = -10385*d. Is d prime?
False
Let k = -134 + -407. Let f be 429984/252 - (2/7 + 0). Let t = f + k. Is t composite?
True
Suppose 14*u - 9*u = -45. Let v(w) = -w - 671. Let f(o) = -4*o - 2685. Let m(z) = u*v(z) + 2*f(z). Is m(0) composite?
True
Let l(v) = 826*v - 107. Let c be l(-31). Is (8 + -4 - c)/1 a composite number?
False
Let z(t) = 4008*t**2 - 303*t + 40. Is z(-7) a composite number?
False
Suppose 153*a - 156*a - 4*h = -236093, 5*a = h + 393542. Is a a prime number?
True
Suppose 4*g - 22178 = -5*v + 6584, -3*v = -g + 7165. Is g a prime number?
False
Let n = -55416 - -82705. Suppose 30*a + n = 837139. Is a a composite number?
True
Suppose -7*f + 14313 = 6*f. Let y = 2240 - f. Is y composite?
True
Let q(g) = g**3 + 5*g**2 - 13*g - 10. Suppose -f = 5*i - 47 + 3, -12 = -3*i + 3*f. Let j be -4*((-85)/44 + i/44). Is q(j) composite?
False
Let z(q) = 2*q**2 - 13 - 10*q + 19 - 13 - 8*q. Let x be z(9). Is ((894/(-9))/(-2))/(x/(-21)) prime?
True
Is 4/6*(238381 + -244) prime?
False
Suppose -u + 101*l + 97081 = 99*l, 194165 = 2*u - 3*l. Is u a composite number?
True
Let s = 1398 - -1968. Let g = 26766 - 17889. Suppose g = 3*o + s. Is o a prime number?
False
Suppose -5*y = 8*y - 118521. Suppose 2004 = -3*p + y. Is p prime?
True
Is 345/(-45) + -5 + 13 - 671090/(-3) prime?
True
Let k = 186411 - -542930. Is k composite?
True
Let v(n) = 1 - 7*n + 2 + n**2 + 7*n. Let f be v(-3). Is (21/f)/((-1)/(-164)) a prime number?
False
Suppose 7*o = 29 + 6. Suppose -o*j = -0*j. Suppose -3*l + 7*l = -2*s + 990, -l + 2 = j. Is s prime?
True
Let d be 58008/10 + 13/65. Let v = 150 + d. Is v a prime number?
False
Let a be (12/(-4) - 0)*8. Let z = a - -207. Let x = 54 + z. Is x a prime number?
False
Let t(b) = 74*b**2 + 25*b + 20. Let f(m) = -m**2 - 28*m - 153. Let d be f(-8). Is t(d) prime?
True
Let n(r) = 4*r**2 - 24*r + 10. Let m be n(6). Let d be 5/(m/(-4))*-2. Suppose 1055 = d*c - 3*c. Is c composite?
True
Suppose 29*g = -2*g - 62. Let o(h) = 2410*h**2 + 9*h + 27. Is o(g) prime?
True
Suppose 5*z - 70 = -u, -42 - 28 = -5*z - 3*u. Suppose -13*b + z*b - 3223 = 0. Is b a composite number?
True
Let a = -678811 - -1189488. Is a a composite number?
False
Let h(k) = -k**2 + k + 10. Let o be h(-2). Suppose -y + 1119 = -o*u - 3290, -u = y - 4419. Is y prime?
False
Suppose -11*o + 20*o - 39834 = 0. Let g = o + -3027. Is g a composite number?
False
Let r be (-4)/6*(12 + -9). Let p be 6/(-